*2 - 3*l - 4. Let n be s(3). Let f(d) be the second derivative of -d**5/20 - d**4/4 + d**3/2 + d. Is f(n) a prime number?
False
Suppose -5*d + 3*q + 21 = 1, d - 4*q = 21. Let o(r) = 42*r**2 + 14*r**2 - 2 - 2*r + 3. Is o(d) a prime number?
False
Suppose -6*h + 9328 + 18350 = 0. Is h prime?
False
Let q(r) = -217*r**2 + r + 1. Let l(z) = -217*z**2 + 2*z + 1. Let w(h) = 2*l(h) - 3*q(h). Is w(1) prime?
False
Suppose 0*h - h + 4 = 2*l, -l + 2*h = -12. Let v(k) be the second derivative of k**4/12 + k**3/6 + k**2 - k. Is v(l) a composite number?
True
Suppose 1068 = n + 2*n. Suppose 5*d - n = -8*k + 5*k, 102 = k + 5*d. Suppose 3*b = 4*b - k. Is b prime?
True
Let m(l) = -l**2 - 5*l - 4. Let h be m(-3). Suppose -3*d - 75 = h*d. Is 1 - d*3 - -1 prime?
True
Suppose 5*n - 4 - 6 = 0. Let z = n - 2. Suppose z = 3*w - 426 + 135. Is w prime?
True
Let m = 4856 + -2839. Is m composite?
False
Let d = 5 + 9. Is d a composite number?
True
Suppose -7 + 1 = 3*y. Is y + 82*(-3)/(-6) a prime number?
False
Suppose -5*d - 5*z + 15 = -15, d = 2*z. Is 1/d + (-2535)/(-20) composite?
False
Let v be 6/(-21) + 996/7. Suppose -k = 7 - v. Suppose 4*b + 12 = 0, 4*y + 3*b - k - 44 = 0. Is y prime?
True
Suppose -4*m + m = 0. Let w = -1 - m. Let o(l) = 38*l**2. Is o(w) prime?
False
Let c(d) = -d**3 - 3*d**2 + 7*d + 9. Let o be c(-6). Suppose 0 = 2*y + y - 366. Let v = y - o. Is v prime?
True
Suppose -6141 = -6*s - 171. Is s prime?
False
Let u(t) = -t**3 + 7*t**2 + 7*t - 7. Is u(-6) composite?
False
Suppose 4*d - 2*n + 3 = -3*n, 2*d + 4*n = 2. Let h(f) = -58*f**3 + 1. Is h(d) composite?
False
Suppose 0 = i - 0*p + 3*p - 1374, 0 = 5*i - 3*p - 6852. Is i a composite number?
True
Let v(k) = -k**3 + 6*k**2 - 6*k + 5. Let t be v(5). Suppose t*p + 492 = 4*p. Is p prime?
False
Let w(l) = 3*l - 2. Let v be w(2). Suppose v*h - 398 = 2*h. Is h a composite number?
False
Let o(i) = i**3 - 6*i**2 + 6*i - 3. Let d be o(5). Suppose 3*b = g - 44, -d*b + 5*b = -5*g + 310. Is g a composite number?
False
Suppose 3*q = -4*b + 76, 5*q = 5*b - 0*b + 150. Suppose 3*f - q = -f. Is f a composite number?
False
Let w = 27 + -19. Let t be w/44 + 64/11. Suppose 385 = t*x - x. Is x a prime number?
False
Let x be (-30)/(-1*9/6). Suppose -2*a + x = 3*g, -3*a - a + 5*g = 4. Suppose -a*m + 106 + 154 = 0. Is m a prime number?
False
Let k be 2478/18 - 4/6. Let d = k + 114. Is d a composite number?
False
Suppose 3*t = -2*u + 23, -5*t = -5*u - 2*t + 5. Suppose -p = 4*m - 4 + 11, 20 = u*p. Is (-1)/m + 65/3 a prime number?
False
Let n(u) = 2*u**2 - 2*u - 1. Let q be n(2). Suppose -5*a = -2*i + 602 + 222, -341 = 2*a + 3*i. Is 1 - a - (-6)/q prime?
False
Let t(k) = -55*k - 8 + 22 - 11. Is t(-2) composite?
False
Suppose -2*p = -286 - 288. Is p composite?
True
Let h = 9 - -169. Is h prime?
False
Suppose -5*u - 21 - 49 = 0. Let o = u - -36. Is o a composite number?
True
Let b be 13/(-52) + (-19)/4. Let o = 122 - b. Is o a prime number?
True
Is (5/(-10))/((-2)/1172) prime?
True
Suppose -b - 2*y + 1113 = 0, 5*b - 2*y - 2091 = 3522. Is b a prime number?
False
Let t(u) = -5*u**2. Let q be t(-3). Let a be 521/(-5) + 2/10. Let b = q - a. Is b a composite number?
False
Let c = -1281 - -2020. Is c prime?
True
Let x = 1837 + -1030. Is x a prime number?
False
Suppose 4*x - 31 = 61. Is x a composite number?
False
Suppose 0*v - 5*v + 265 = 0. Let l = v - 33. Suppose o = -l + 115. Is o a prime number?
False
Is (-467)/(-4)*(2 + 2) prime?
True
Suppose -4*w + 1 + 11 = 0. Suppose -w*c = -c - 30. Is c a prime number?
False
Let j(d) be the second derivative of -d**4/12 - 5*d**3/3 - 5*d**2/2 - d. Suppose -u - 3 = -2*u, 5*r = u - 43. Is j(r) a prime number?
True
Let n(t) be the third derivative of t**6/120 - 11*t**5/60 + t**4/24 + 7*t**3/3 + 5*t**2. Is n(11) a composite number?
True
Is -3 - (0 - 922)*1 composite?
False
Let p = -7 + 11. Suppose 4*g - 51 = 2*l + 89, -p*l - 16 = 0. Is g a composite number?
True
Let w(r) = r**3 + 6*r**2 + 2. Let v(u) = -4*u**3 - 19*u**2 + u - 6. Let j(s) = -2*v(s) - 7*w(s). Is j(6) a composite number?
True
Let d = -282 - -783. Is d composite?
True
Suppose 7*k = 2*k + 155. Is (-2)/6 + k/3 prime?
False
Let g = 7 + -6. Suppose -2*m = 2*m. Is 97 + (m - (4 - g)) prime?
False
Suppose 7*k - 2*k + 10 = 0. Is ((-879)/6)/(1/k) a composite number?
False
Let q = -43 + 27. Let g = 29 + q. Is g a prime number?
True
Let v = 141 + 85. Is v a composite number?
True
Let c(z) = -70*z - 1. Is c(-6) a prime number?
True
Let c = -364 - -222. Is 1/(-2 + c/(-70)) a composite number?
True
Suppose -o + 9*o - 40 = 0. Suppose -v - 3 = -7. Suppose -o*d + v*d + 14 = 0. Is d a prime number?
False
Suppose 5*m - 5*z = 4605, 0 = -3*m + z - 0*z + 2759. Is m prime?
True
Let w = -6 + 8. Suppose w*r - s + 5 = 18, r - 9 = s. Suppose -5*k + 4*k + r*t + 3 = 0, -2*t = -4*k + 40. Is k composite?
False
Is 29/((-58)/(-10764)) + 0 + -1 composite?
False
Let d(a) = -9*a - 6. Let x be d(-7). Let f = 12 + x. Is f a prime number?
False
Let k(x) = x + 11. Let q be k(-8). Suppose -4*d - 12 = -2*s, 2*s - 7 - q = 3*d. Suppose 0 = a - s*a + 145. Is a a composite number?
True
Suppose 403 = -11*u + 12*u. Is u composite?
True
Suppose 0*a = -4*a + 44. Suppose -2*w + 16 = -5*r, 0 = 4*r - 2*r + 5*w - a. Is (4/(-1))/(r/7) prime?
False
Let t = 7 - 4. Let m(r) = -41*r + 8. Let o(h) = -14*h + 3. Let n(w) = -4*m(w) + 11*o(w). Is n(t) a prime number?
True
Let s(q) = 190*q**3 - q**2 + 2*q + 0*q**2 + 1103*q**3 - 1. Let y be s(1). Suppose 5*n + 5*k - 1460 = 0, 2*k - 119 = 4*n - y. Is n a composite number?
False
Suppose 13*b - 1498 = 6*b. Is b composite?
True
Suppose -q + 3*q = 6. Suppose -3*o + 58 = -w - 3*w, q*o + 2*w - 34 = 0. Is o prime?
False
Suppose -64 = -a + 63. Is a prime?
True
Suppose -w = 3*w + 112. Is ((-22)/4)/(2/w) a prime number?
False
Suppose -5*d - 70 = -5*p, -2*d + 19 = 2*p - d. Is p a composite number?
False
Let i = 65 + -39. Suppose -q + i = -1. Let x = -18 + q. Is x a composite number?
True
Suppose 2*g = 6*g - 88. Suppose 0 = -13*a + 12*a + 37. Let n = a - g. Is n prime?
False
Suppose 5*k - 2*a - 2*a = 1453, 0 = -3*k - 2*a + 863. Is k a composite number?
True
Let g be (-2)/(-15) - 6/45. Let t(m) = -m**2 - m + 2. Let l be t(-3). Is -1 - g - l*1 a prime number?
True
Suppose -b = 3*q - 2*b - 5083, -2*b + 5071 = 3*q. Is q prime?
True
Let n be (-2 + 1)/(1/(-3)). Let u be 20 + 3/n - 1. Is (-8)/u + 187/5 a prime number?
True
Suppose -4*b - 7 = 2*u - 7*u, 4*b = 3*u - 1. Suppose -u*r = -2*r - 218. Is (6 + -8)/((-4)/r) a prime number?
True
Let x be (4 - 3/3)*23. Let f = -24 + x. Suppose 0*l - 3*l = -f. Is l composite?
True
Let a = -2 + -12. Is (a + 15)*(-238)/(-2) prime?
False
Let y = 6 - 5. Is ((-14)/8)/(y/(-44)) a prime number?
False
Suppose -2*v + 7032 = -2*o, -4*v + v - o = -10528. Is v composite?
False
Is (8665/15)/((-2)/(-6)) prime?
True
Suppose 0 = -2*t - 3*t + 60. Let l(g) = g**2 + 8*g + 17. Is l(t) a composite number?
False
Suppose -2*r + 570 = r. Is (-1 - r/1)/(-1) a prime number?
True
Let f = 31 + -11. Suppose -u = 2*z - f - 42, 0 = 5*z + 3*u - 153. Is z prime?
False
Let r(v) = 57*v + 1. Let g be r(3). Suppose j = -3*j + g. Is j composite?
False
Suppose z = -4*s + 285, 4*z = 4*s - 199 + 1379. Is z prime?
True
Suppose -q + 27 = 2*q + 3*u, 3*u = -4*q + 33. Let b be 1*8*3/q. Suppose 149 = 3*v - b*i - 264, 2*v - 277 = 3*i. Is v a composite number?
False
Suppose -254 = -2*s - 0*s. Is s prime?
True
Is 491/(1/1*13/39) prime?
False
Let m = 19 - -26. Is (-996)/(-45) - 6/m composite?
True
Let c = -481 - -810. Suppose 0*u + c = u. Is u a composite number?
True
Suppose 1 - 5 = -2*z. Let d be 2/((z + 0)/14). Is d - (0 + 1) - 2 composite?
False
Let w(j) = 6*j**2 - 2*j - 2. Let y(n) = n - 3. Let h be y(0). Is w(h) prime?
False
Suppose 3*c = 4*c - 435. Suppose -c = r - 5*r + 5*s, 0 = 5*r - s - 570. Is r composite?
True
Suppose 0 = 3*r + 26 + 4. Let p = r + 68. Is p composite?
True
Let j(d) = 94*d**2 - 3*d + 11. Is j(2) a prime number?
False
Let h = -4 + 3. Is h/2*1*-158 composite?
False
Suppose -7*g + 95 = -2*g. Let o = -18 + 8. Let d = g + o. Is d composite?
True
Suppose -4*b + 5*b - 33 = 0. Is b prime?
False
Let o = 9 + -7. Let y(v) = 43*v - 1. Is y(o) a composite number?
True
Suppose 0 = c - 0 - 59. Suppose 0*u - c = -u. Is u composite?
False
Let c be 1 - ((27 - 2) + 3). Let s